. What is x(9)?
-55
Let y(x) = -85*x - 3486. Give y(-42).
84
Let p(o) = 3*o**2 - 18*o - 14. Determine p(5).
-29
Let n(g) = 3*g**3 + 12*g**2 - 227*g - 30. What is n(7)?
-2
Let o(f) = -f - 356. What is o(33)?
-389
Let a(c) = 52*c - 692. What is a(14)?
36
Let z(i) = 3*i + 97. Calculate z(-22).
31
Let l(f) = 2*f**2 + 44*f - 408. Give l(7).
-2
Let a(k) = -k**3 - 15*k**2 - 19*k - 16. What is a(-14)?
54
Let w(z) = -2*z**3 + 19*z**2 + 3*z - 20. What is w(8)?
196
Let w(r) = 190*r - 1495. Determine w(8).
25
Let o(a) = -281*a + 956. Calculate o(3).
113
Let q(i) = i**2 + 60*i + 682. Determine q(-15).
7
Let u(l) = l**3 - 6*l**2 - 433*l + 4495. What is u(14)?
1
Let t(v) = 7*v**2 + 269*v + 45. What is t(-39)?
201
Let z(c) = -3*c**2 + 86*c - 200. Determine z(26).
8
Let a(s) = 6*s**2 + 28*s + 1. Give a(-3).
-29
Let r(x) = -29*x + 275. What is r(11)?
-44
Let u(s) = 326*s - 3285. Calculate u(10).
-25
Let g(n) = n**3 + 55*n**2 + 51*n - 196. Give g(-54).
-34
Let z(h) = -h**3 + 20*h**2 + 115*h - 44. What is z(25)?
-294
Let y(v) = -51*v**2 + 230*v - 6. What is y(5)?
-131
Let p(m) = 169*m - 1265. Calculate p(8).
87
Let h(g) = -10*g + 257. Determine h(25).
7
Let h(l) = -3*l**3 + 5*l**2 - 11*l + 4. Give h(3).
-65
Let i(o) = -3*o**2 - 102*o + 85. Determine i(-35).
-20
Let k(m) = 55*m**2 - 758*m - 6. Calculate k(14).
162
Let g(t) = 74*t - 60. Calculate g(3).
162
Let f(g) = -28*g + 603. Determine f(21).
15
Let t(y) = y**3 - 79*y**2 + 131*y - 10308. Determine t(79).
41
Let g(u) = -93*u - 1291. Calculate g(-14).
11
Let m(h) = -8*h**2 + 45*h + 68. Give m(6).
50
Let c(q) = -10*q**2 + 362*q - 3251. Determine c(17).
13
Let y(q) = 2*q**2 + 44*q - 98. Determine y(-23).
-52
Let z(t) = -9*t**2 + 125*t - 222. Determine z(12).
-18
Let z(v) = 44*v + 651. Give z(-18).
-141
Let t(z) = -21*z**3 + 10*z**2 + 2*z - 7. Calculate t(-1).
22
Let m(r) = -r**3 - 30*r**2 - 142*r + 29. Calculate m(-24).
-19
Let n(c) = -953*c + 30482. Calculate n(32).
-14
Let k(x) = -14*x - 194. Determine k(-27).
184
Let b(j) = j**3 - j**2 - 38*j - 12. Determine b(7).
16
Let d(p) = p**2 + 47*p - 359. Calculate d(-58).
279
Let q(h) = 115*h + 1922. Determine q(-12).
542
Let h(s) = 16*s - 1. Calculate h(-3).
-49
Let s(w) = -w**2 + 98*w + 1168. Determine s(-11).
-31
Let f(s) = 4*s - 154. What is f(55)?
66
Let q(w) = w**3 + 26*w**2 + 54*w - 340. Give q(-23).
5
Let p(r) = r**3 + 111*r**2 + 1459*r + 1828. What is p(-96)?
4
Let p(k) = k**2 + 377*k + 2589. Give p(-7).
-1
Let k(c) = 4*c**2 - 208*c - 207. Determine k(-1).
5
Let v(b) = b**3 + 10*b**2 - 75*b - 272. Give v(-14).
-6
Let i(f) = -f**3 + 56*f**2 + 60*f - 137. What is i(57)?
34
Let r(i) = i**3 - 116*i**2 + 59*i + 6307. Give r(115).
-133
Let h(n) = -n**3 + 25*n**2 + 45*n - 422. Give h(25).
703
Let d(a) = 25*a - 265. Give d(11).
10
Let p(w) = 64*w**2 + 8*w - 23. What is p(-4)?
969
Let m(x) = -5*x + 23. Determine m(32).
-137
Let n(s) = -8*s**3 + 39*s**2 + 7*s + 11. Calculate n(5).
21
Let d(z) = 16*z**2 - 446*z - 62. What is d(28)?
-6
Let p(y) = 3*y**3 - 113*y**2 - 50*y + 463. Calculate p(38).
7
Let r(n) = 43*n + 5483. What is r(-128)?
-21
Let s(q) = 3*q**3 - q**2 + 24*q - 84. Give s(3).
60
Let t(k) = k**2 + 15*k - 36. Give t(3).
18
Let p(i) = i**3 + 5*i**2 - 56*i + 11. Give p(-9).
191
Let o(q) = -1725*q - 13805. Determine o(-8).
-5
Let w(g) = 4*g**3 - 80*g**2 + 18. Determine w(20).
18
Let h(i) = 9*i**2 - 2*i - 16. Give h(-1).
-5
Let d(z) = 168*z + 1357. Give d(-8).
13
Let u(o) = 182*o + 9. Calculate u(1).
191
Let p(g) = -g**2 + 99*g - 2028. What is p(70)?
2
Let w(y) = y**3 + 99*y**2 - 199*y + 308. Give w(-101).
5
Let b(d) = d**2 - 32*d - 324. Give b(41).
45
Let z(h) = -13*h - 6. Calculate z(-9).
111
Let t(v) = -836*v - 4222. Give t(-5).
-42
Let d(m) = 7*m**2 - 263*m - 33. What is d(37)?
-181
Let h(u) = -2*u**3 + 6*u**2 + 27*u + 60. Calculate h(6).
6
Let t(w) = w**2 + 16*w + 1. Calculate t(-4).
-47
Let m(p) = 20*p**2 - 741*p + 31. Calculate m(37).
-6
Let x(w) = 55*w + 750. Give x(-27).
-735
Let v(i) = 9614*i - 259576. Calculate v(27).
2
Let v(g) = -2735*g - 8186. What is v(-3)?
19
Let p(g) = -g**2 + 20*g + 1121. Calculate p(45).
-4
Let x(k) = 2*k**2 - 355*k - 7466. Calculate x(-19).
1
Let b(f) = f - 65. Determine b(-13).
-78
Let n(i) = -7*i**2 - 1038*i - 2344. Give n(-146).
-8
Let s(v) = v**3 - 74*v**2 - 217*v - 1080. Give s(77).
-2
Let t(f) = -12*f - 260. Give t(-21).
-8
Let o(i) = -4138*i + 120012. What is o(29)?
10
Let m(c) = 218*c + 870. Give m(-4).
-2
Let z(f) = -386*f - 1930. Calculate z(-5).
0
Let w(z) = -11*z**2 - 35*z + 11. What is w(-2)?
37
Let n(s) = 4*s**2 - 123*s + 919. Determine n(18).
1
Let j(v) = 2*v**3 + 116*v**2 + 433*v + 51. What is j(-54)?
-3
Let k(l) = 525*l + 2635. What is k(-5)?
10
Let i(k) = 4*k**3 - 249*k**2 + 20*k + 2612. Determine i(62).
8
Let f(p) = p**3 + 8*p**2 - 20*p - 56. Determine f(-4).
88
Let q(z) = -2*z**3 + 130*z**2 - 129*z + 38. Give q(64).
-26
Let m(w) = -2*w**3 + 31*w**2 - 100*w + 7. Give m(5).
32
Let y(z) = -z**2 + 16*z - 110. Determine y(14).
-82
Let f(s) = -89*s - 193. What is f(-2)?
-15
Let q(t) = -542*t + 12467. What is q(23)?
1
Let w(h) = 9*h**2 + 84*h - 12. Give w(-9).
-39
Let z(n) = -10*n**3 + 1089*n**2 + 107*n + 205. Give z(109).
-13
Let m(q) = -q**3 + 24*q**2 - 40*q + 2. Give m(22).
90
Let m(d) = -3*d**2 + 44*d - 173. Give m(7).
-12
Let j(g) = -11*g - 278. Calculate j(-10).
-168
Let d(v) = -4*v**2 + 366*v - 4087. Give d(13).
-5
Let k(n) = 15*n**2 + 300*n - 7. Determine k(-21).
308
Let r(z) = -z**3 - 58*z**2 - 757*z + 94. Give r(-38).
-20
Let y(s) = -61*s - 5598. Determine y(-90).
-108
Let m(o) = o**2 - 12*o - 125. Calculate m(32).
515
Let a(r) = r - 1. Calculate a(-7).
-8
Let s(v) = -v**3 - 93*v**2 - 2*v + 297. What is s(-93)?
483
Let i(y) = y**2 - 38*y + 87. What is i(5)?
-78
Let b(l) = -42*l - 1927. Calculate b(-46).
5
Let x(h) = 60*h - 583. What is x(9)?
-43
Let h(r) = r**3 + 64*r**2 + 545*r + 274. Calculate h(-54).
4
Let d(o) = -o**3 + 6*o**2 + 44*o - 68. What is d(10)?
-28
Let x(t) = t**3 + 25*t**2 - 38*t - 952. Give x(-25).
-2
Let n(z) = -11*z**2 - 163*z - 779. Give n(-5).
-239
Let g(k) = 5*k**2 - 529*k + 2931. Calculate g(100).
31
Let z(g) = 214*g - 658. What is z(3)?
-16
Let d(o) = 20*o**2 - 243*o + 120. Give d(12).
84
Let h(v) = -3*v**2 + 83*v + 233. What is h(30)?
23
Let m(s) = 159*s + 1907. Determine m(-12).
-1
Let g(a) = -a**3 - 22*a**2 - 80*a - 1224. What is g(-21)?
15
Let l(a) = 2014*a + 38267. Give l(-19).
1
Let f(l) = -l**3 - 28*l**2 + 67*l + 35. Give f(-30).
-175
Let s(d) = -4*d**2 - 70*d + 17. Determine s(-27).
-1009
Let n(w) = 5*w**2 - 11*w + 46. What is n(5)?
116
Let n(f) = -f**3 + 12*f - 39. What is n(6)?
-183
Let h(t) = -t**2 - 26*t - 94. Determine h(-4).
-6
Let c(n) = -n**3 - 43*n**2 - 44*n - 49. What is c(-42)?
35
Let d(m) = m**2 + 16*m + 38. Calculate d(-10).
-22
Let d(w) = 5*w**3 + 12*w**2 + 13*w + 8. What is d(-1)?
2
Let o(a) = 47*a + 2900. Give o(-62).
-14
Let d(l) = 12*l**3 - 110*l - 110. What is d(-1)?
-12
Let a(b) = -b**3 + 17*b**2 - 34*b - 113. Calculate a(14).
-1
Let f(s) = s**3 - 6*s**2 - 74*s + 428. Give f(7).
-41
Let q(v) = 2*v**3 + 17*v**2 - 105*v + 38. Give q(4).
18
Let q(w) = w**3 - 52*w**2 + 49*w + 80. Calculate q(51).
-22
Let f(d) = -442*d - 2317. Give f(-5).
-107
Let t(u) = -34*u + 46. Calculate t(7).
-192
Let y(f) = -37*f**2 + 4*f - 2. Give y(1).
-35
Let q(s) = -s**3 + s**2 + 12*s + 26. Determine q(6).
-82
Let q(i) = -2*i**3 + 11*i**2 - 21*i + 77. Determine q(5).
-3
Let w(n) = 2*n**2 + 1147*n - 12852. Calculate w(11).
7
Let w(g) = -151*g - 139. Give w(-1).
12
Let z(v) = -755*v - 19632. Calculate z(-26).
-2
Let g(u) = -7*u**3 + u**2 - 3*u - 18. Calculate g(-2).
48
Let g(k) = k**3 - 18*k**2 - 25*k - 290. Determine g(20).
10
Let t(m) = -31*m + 12. Calculate t(3).
-81
Let j(t) = 4*t**2 + 56*t - 237. What is j(5)?
143
Let o(t) = -65*t - 2825. What is o(-42)?
-95
Let d(p) = p**2 + 360*p + 1424. Give d(-4).
0
Let c(r) = -r**2 - 31*r - 25. What is c(-8)?
159
Let c(b) = -17*b - 7. Determine c(-1).
10
Let q(f) = 28*f - 2261. What is q(81)?
7
Let x(d) = -d**3 + 11*d**2 + 242*d + 15. Give x(-11).
15
Let f(v) = -9*v**3 - 2*v**2 + v - 4. Calculate f(2).
-82
Let r(v) = -4*v**3 + 16*v**2 + 14*v + 28. Determine r(5).
-2
Let c(n) = -71*n - 267. Determine c(-7).
230
Let i(o) = -2*o**3 - 20*o**2